2220
-74809 (base 11) to base 9
-175205
23ad3d (base 16) to base 14
44c11b
What is 3465026 (base 8) in base 5?
220212122
What is 3102203 (base 4) in base 13?
6197
Convert -2842631 (base 10) to base 7.
-33106361
341508 (base 12) to base 16
cb198
What is -4679a (base 15) in base 2?
-110110110011010110
What is 100000011002112 (base 3) in base 11?
2779837
Convert -33210 (base 15) to base 11.
-101076
-434333212 (base 5) to base 7
-21621656
What is -10767 (base 8) in base 9?
-6270
1101021012002 (base 3) to base 8
2630507
What is 124213332 (base 6) in base 16?
2549d8
-6ccb6 (base 13) to base 9
-334188
What is -2565245 (base 7) in base 13?
-b9993
3755631 (base 9) to base 5
1010412010
What is 38082 (base 10) in base 16?
94c2
Convert -1e89d (base 16) to base 14.
-33829
-436306 (base 7) to base 15
-17a97
b5964 (base 13) to base 10
326759
What is -cf43fc (base 16) in base 5?
-11434131411
-1788412 (base 12) to base 9
-10210585
What is -2500541 (base 6) in base 9?
-221547
Convert 2164026 (base 9) to base 4.
10130033031
What is 30774575 (base 8) in base 9?
13285505
Convert -550303520 (base 6) to base 13.
-205b7bc
Convert 830333 (base 10) to base 16.
cab7d
What is 4470787 (base 9) in base 11?
13a5626
What is 11002221102020 (base 3) in base 10?
2183658
43b55 (base 13) to base 7
1020625
What is -430744 (base 8) in base 12?
-6b2b0
Convert -1765054 (base 8) to base 10.
-518700
What is -1431135504 (base 6) in base 16?
-10e0340
What is 121704 (base 10) in base 7?
1014552
What is -222001332 (base 4) in base 10?
-172158
Convert -1120101011020 (base 3) to base 15.
-117210
100000100000010100000 (base 2) to base 8
4040240
What is -794914 (base 13) in base 11?
-1688652
What is -859d (base 16) in base 9?
-51825
What is -a1749 (base 12) in base 9?
-350243
What is 52767 (base 14) in base 4?
300211313
17a847 (base 13) to base 9
1105567
What is -41726661 (base 8) in base 14?
-1276665
What is -3389212 (base 10) in base 8?
-14733434
What is -181575 (base 11) in base 3?
-112020100200
6f460a (base 16) to base 6
420145122
-100101110011111101 (base 2) to base 11
-a63a8
What is 1018488 (base 11) in base 15?
25788a
What is -10636465 (base 7) in base 10?
-933889
15055206 (base 8) to base 16
345a86
Convert 945b (base 13) to base 15.
6135
What is 103042 (base 7) in base 3?
220111201
What is -22202002201212 (base 3) in base 7?
-54333431
Convert 6728445 (base 9) to base 2.
1101110100000110111100
Convert 45748 (base 10) to base 9.
68671
57e3c (base 15) to base 14
7404d
Convert -5db6a (base 16) to base 10.
-383850
What is 3733342 (base 8) in base 4?
3323123202
What is -46204 (base 11) in base 12?
-327a4
34381 (base 14) to base 2
11110111111001101
What is 8431d0 (base 14) in base 3?
22101211122102
-13303320023 (base 4) to base 14
-3b425d
What is -11111221021122 (base 3) in base 13?
-660581
What is -100010202020 (base 3) in base 15?
-38470
-11011101010000110 (base 2) to base 8
-335206
100101100110111011 (base 2) to base 5
14412133
-121011122120 (base 3) to base 11
-1a8180
What is 86998 (base 14) in base 6?
10551454
121123131 (base 4) to base 3
12021212200
What is 915 (base 14) in base 2?
11011110111
What is -21103030122 (base 4) in base 13?
-67486b
Convert 822385 (base 10) to base 2.
11001000110001110001
Convert 10110011111000110000101 (base 2) to base 3.
102002110210001
Convert -865176 (base 10) to base 13.
-243a50
What is 7534476 (base 9) in base 15?
54b819
Convert -30212110 (base 6) to base 14.
-184518
What is -869934 (base 13) in base 5?
-1302204142
What is 20020001210 (base 3) in base 2?
11101111010011000
Convert 3866347 (base 9) to base 6.
113123541
What is -2c783 (base 16) in base 12?
-894ab
What is 210101210201020 (base 3) in base 16?
ad8977
-10201112221 (base 3) to base 2
-10001111001010111
What is -154bab (base 16) in base 6?
-45525123
1279b8 (base 15) to base 4
3120122300
Convert -65394 (base 11) to base 10.
-94967
-10121100012 (base 3) to base 9
-117305
Convert 3434503 (base 6) to base 3.
22221102210
74727 (base 8) to base 11
21486
20010211120102 (base 3) to base 4
30130322111
Convert -7035284 (base 10) to base 6.
-410442432
Convert -75da0 (base 15) to base 5.
-43434300
6148303 (base 9) to base 3
20011122100010
Convert -6424323 (base 10) to base 7.
-105414543
Convert 20112211222 (base 3) to base 9.
215758
What is 1101001111100011 (base 2) in base 13?
1b8c7
Convert 2245550 (base 6) to base 5.
12142323
What is 178374 (base 14) in base 8?
3123702
-74457 (base 10) to base 14
-1d1c5
Convert -16357 (base 9) to base 3.
-120101221
What is 310566 (base 7) in base 16?
cf7b
Convert -9527bb (base 12) to base 3.
-11102021112122
Convert 1c2632 (base 14) to base 9.
1802278
Convert 32326010 (base 7) to base 3.
12012101102022
Convert -451310011 (base 6) to base 13.
-1909723
Convert -1112122010 (base 3) to base 5.
-1432401
Convert -2835906 (base 12) to base 10.
-8034774
What is -2db33c (base 14) in base 4?
-12020003322
Convert 200002011 (base 3) to base 12.
7764
What is 10c96a (base 13) in base 9?
667618
What is 18d2d (base 14) in base 10?
62957
-66150 (base 10) to base 11
-45777
Convert 101211021121222 (base 3) to base 10.
5752997
-30210101 (base 4) to base 12
-25955
60eb6e (base 15) to base 12
166167b
-10111101101111011111110 (base 2) to base 9
-12625680
What is 203123460 (base 7) in base 9?
24355150
Convert 1aa91b9 (base 12) to base 4.
111232333131
Convert 217505 (base 10) to base 3.
102001100202
Convert -10111100101011010000 (base 2) to base 5.
-144212231
Convert -2518b2 (base 12) to base 14.
-11a366
Convert -31165236 (base 7) to base 5.
-1132340311
-22010121001201 (base 3) to base 8
-20371757
What is -3254467 (base 8) in base 5?
-210443212
Convert -644922 (base 10) to base 13.
-197715
-2126466 (base 7) to base 8
-772211
211cb8 (base 16) to base 3
11002020201212
What is 16748 (base 15) in base 9?
120425
What is 48a8b2 (base 15) in base 7?
41364401
43433135 (base 6) to base 4
10330100303
Convert 6a17 (base 13) to base 5.
434032
Convert -5451303 (base 6) to base 4.
-1002031113
74879 (base 11) to base 5
11440430
-302d2d (base 14) to base 4
-12023320231
-473662 (base 9) to base 11
-185017
Convert -2010021101002 (base 3) to base 2.
-100010011001110001010
What is -100561540 (base 7) in base 14?
-ac8d90
What is -113120120 (base 4) in base 12?
-47508
Convert -7aa42 (base 13) to base 14.
-5b705
What is 5162051 (base 7) in base 14?
122028
-1bacb (base 14) to base 15
-15e5e
Convert 586c1 (base 13) to base 12.
795a8
-111110100010000 (base 2) to base 8
-76420
What is -2432423034 (base 5) in base 7?
-66601350
Convert -563e (base 16) to base 6.
-250114
What is 25892 (base 15) in base 16?
1d4fe
What is 9a05a2 (base 12) in base 10?
2447690
What is -54615 (base 15) in base 5?
-32033440
What is -5132754 (base 8) in base 3?
-2112221212002
Convert 76473 (base 11) to base 8.
330675
-563736 (base 8) to base 13
-688a6
-33144241 (base 5) to base 2
-1000110001011010110
20302322222 (base 4) to base 16
232eaa
-334423 (base 9) to base 14
-52cc3
Convert a5f01 (base 16) to base 14.
1399a9
Convert -214383 (base 9) to base 13.
-4629c
Convert -147233 (base 15) to base 14.
-1b9486
What is -279195 (base 12) in base 13?
-1a0a26
What is 10023010120 (base 4) in base 7?
12204151
Convert -179b2 (base 16) to base 2.
-10111100110110010
-7288954 (base 11) to base 5
-11242230303
What is -2001102212 (base 3) in base 4?
-21313133
Convert -214315430 (base 6) to base 11.
-21a0898
-4a1534 (base 11) to base 3
-1111021020002
11077026 (base 8) to base 7
26220343
Convert 146023236 (base 7) to base 11.
5573a67
443584 (base 13) to base 4
12020110300
-111000100111101111100 (base 2) to base 15
-269b06
-11121202102 (base 3) to base 6
-1541015
Convert 964982 (base 13) to base 9.
6560188
Convert -2cbdd8 (base 16) to base 5.
-1222312214
Convert -32331111131 (base 4) to base 14.
-74104d
Convert -10011101111010100111 (base 2) to base 10.
-646823
-2236262 (base 8) to base 6
-20550334
Convert -137920 (base 11) to base 7.
-1554665
What is 134004415 (base 6) in base 10?
2707067
Convert -31131305 (base 6) to base 11.
-56402a
-614694 (base 10) to base 7
-5140053
What is -80a03 (base 14) in base 15?
-61996
Convert 4231233344 (base 5) to base 8.
41611575
What is 1182ab9 (base 13) in base 8?
24562772
424133214 (base 5) to base 9
3322774
-10101011101010010 (base